 - 2*p + 48 = s*i. What is the remainder when p is divided by 12?
10
Let s(q) = -q**2 + 10*q + 8. Let w be s(9). Suppose -w = -h + 20. Calculate the remainder when h is divided by 13.
11
Suppose 0 = -14*t + 6*t + 400. What is the remainder when t is divided by 18?
14
Let w(c) = -9 + 1 + 28*c**2 + c**3 - 10*c - 21*c**2. Let l be ((-6)/4)/(3/16). What is the remainder when 23 is divided by w(l)?
7
Let c = -6 + -2. Let v = 73 + c. Calculate the remainder when v is divided by 22.
21
Let u = -2 - -3. What is the remainder when 2 is divided by u?
0
Let a(s) = -s**3 + 6*s**2 + s - 7. Let n(c) = c**2 + 2*c + 2. Let i be n(-3). Calculate the remainder when a(i) is divided by 3/(2/(6 - -2)).
11
Let r = 46 - 98. Calculate the remainder when r/(-4) + 0 + -2 is divided by 3.
2
Let m = 76 + -67. Suppose -2*r - 41 = 5*z - 156, -4*z - 5*r = -75. What is the remainder when z is divided by m?
7
Suppose 110 = 28*h - 23*h. Calculate the remainder when 63 is divided by h.
19
Calculate the remainder when -1 + ((-108)/10)/((-56)/140) is divided by 74/10 - 2/5.
5
Let c be (39/(-6))/(1/(-2)). Let g = c + -6. Calculate the remainder when g/(-3)*(-2 + -1) is divided by 4.
3
Suppose 5*v = 2*v. Suppose 2*o + v*o = 22. Calculate the remainder when o is divided by 3 - (-2)/(-4)*-2.
3
Let h(l) = 2*l**2 - 2*l + 7. Calculate the remainder when h(5) is divided by 12.
11
Let y(t) be the third derivative of t**5/30 + t**4/24 - t**3/3 + 5*t**2. Calculate the remainder when 38 is divided by y(2).
6
Let u(b) = b**3 + 4*b**2 + 2*b - 2. Let o be u(-3). Calculate the remainder when (5 - 6)/(o/(-5)) is divided by 3.
2
Suppose 2 = 3*t - 70. Suppose 2*l - 184 = -2*l. What is the remainder when l is divided by t?
22
Suppose -m + 29 = 3*o, -o - 62 - 15 = -4*m. Let a be (m/(-25))/(2/(-20)). Suppose a = -3*n + 7*n. What is the remainder when 6 is divided by n?
0
Suppose 20 = -2*t + 7*t. What is the remainder when 23 is divided by t?
3
Suppose -4*c = 20, 5*y + 5*c = y - 25. Let k(b) = 2*b + 20 - 2*b - 4*b**2 + 3*b**2 - b**3. What is the remainder when 38 is divided by k(y)?
18
Let w be 4/(-14) - 48/(-21). Suppose 144 = -r - w*r. Let d = 13 - r. Calculate the remainder when d is divided by 21.
19
Let q be 0/(1 + 0 - 2). Suppose q*w - 45 = 3*w. Calculate the remainder when -2 + w*(-8)/3 is divided by 13.
12
Suppose 4*h + d - 23 = 0, 4*h + 5*d - 35 = -0*h. Calculate the remainder when 7 is divided by h.
2
Let d = -13 - -19. Let u = 28 - 17. Calculate the remainder when u is divided by d.
5
Suppose 5*b + 5*i = 25, -4*b - 3*i + 26 = 1. What is the remainder when 82/4 - (-3)/(-2) is divided by b?
9
Let c(n) = -n - 1. Let p be c(-4). Suppose -5*f - p*r + 100 = -5*r, -3*f = -r - 59. What is the remainder when f is divided by 7?
4
Suppose -3*y = -v - 60, -80 = -4*y + 8*v - 4*v. What is the remainder when y is divided by 11?
9
Let j be 2*((-45)/(-2))/3. Suppose 0 = 2*t - j - 29. Suppose -u + 32 = 3*u. What is the remainder when t is divided by u?
6
Let p(k) = k + 14. What is the remainder when 14 is divided by p(-10)?
2
Suppose 5*w = -n + 154, -4*w + 3*w = -n - 26. Let f = w + -23. Calculate the remainder when f is divided by 4.
3
Suppose 0 = -0*w + w - 3. Let f(q) = 2*q**2 - q - 4. Suppose -n = m + m - 21, -145 = -5*n - 2*m. What is the remainder when n is divided by f(w)?
9
Let k(a) = -3*a**2 + 3*a**3 - 2 - 1 - 4*a**3. Suppose 0*y = -y - 3*c + 17, -4*y - 3*c = -32. What is the remainder when k(-4) is divided by y?
3
Suppose -5*g + 10 = -4*u, -g - 2*g + 6 = 4*u. Suppose -3*d - d + 208 = u. Calculate the remainder when d is divided by 18.
16
Suppose -4*h + 79 = -1. Let y = 23 + -8. Suppose 0*z + 5*z - y = j, 4*j - h = 0. What is the remainder when 10 is divided by z?
2
Let a = -72 + 144. Suppose -d + 78 = -4*k, -2*d + d = -k - a. Calculate the remainder when d is divided by 18.
16
Let o(s) = s**2 - 5*s + 5. Let i be o(5). Let f = i - -17. Suppose 23 + f = 3*l. What is the remainder when 44 is divided by l?
14
Let b = -23 + 35. What is the remainder when 35 is divided by b?
11
Suppose -4*w = -0*w. Let t = 1 + w. What is the remainder when ((-2)/4)/(t/(-42)) is divided by 11?
10
What is the remainder when 24 is divided by 2/(-14) - (-198)/14?
10
Let d(f) = -f**3 + 9*f + 5. What is the remainder when 7 is divided by d(-3)?
2
Let g = 2 - -2. Suppose -d + g*d - 27 = 0. Suppose 114 = 4*v + 14. Calculate the remainder when v is divided by d.
7
Let d(f) = 14*f - 2. Let u(i) = -i + 25. Let x(l) = l**3 + 6*l**2 - l + 5. Let v be x(-6). Calculate the remainder when d(2) is divided by u(v).
12
Let z = -67 + 86. What is the remainder when 37 is divided by z?
18
Let w be (-2)/1 + 3 - -2. Let h = 6 + w. Calculate the remainder when (20/10)/(-2*1/(-34)) is divided by h.
7
Calculate the remainder when 6/((-114)/(-28) - 4) is divided by 44.
40
Let r(y) = -y**2 - 3*y + 1. Let p(q) = 2*q - 1. Let l(o) = -3*p(o) - 2*r(o). What is the remainder when 10 is divided by l(1)?
1
Let o = -6 - -41. What is the remainder when o is divided by 10?
5
Let w = 111 + -49. Calculate the remainder when w is divided by 8.
6
Let m = 6 - 17. Let b = m - -21. What is the remainder when b is divided by ((-6)/(-4) - 0)*4?
4
Suppose 6*v = 3*v + 306. What is the remainder when v is divided by 35?
32
Let t = 5 + -2. Suppose -85 = -2*a + t. Let w = 30 - 15. What is the remainder when a is divided by w?
14
Let d(g) = -g**3 + 5*g**2 + 2*g - 3. Let w = 8 + 14. Calculate the remainder when d(-3) is divided by w.
19
Suppose 7*d - 2*d = 15. What is the remainder when (-147)/(-5) - 12/30 is divided by 12 + (1 - d) + 0?
9
Suppose 0 = -d - 1, 3*x + 0*d - 4*d - 40 = 0. Let g = -6 - -10. Let o = 38 - g. What is the remainder when o is divided by x?
10
Suppose 4*r + 36 = 2*p, r - 45 = -3*p - 19. Let z(h) = 2*h**2 + 2*h + 5. Let c = 11 - 15. What is the remainder when z(c) is divided by p?
9
Let q(s) = -s**3 - 3. Let m be q(0). Suppose 5*l = -0*l + 45. Calculate the remainder when (-158)/(-6) + 1/m is divided by l.
8
Suppose -3*o = -c - 15 + 3, 18 = 3*o - 3*c. Calculate the remainder when 9 is divided by o.
0
Let b = 11 + 0. What is the remainder when 20 is divided by b?
9
Let r(x) = 9*x - 1. What is the remainder when 32 is divided by r(2)?
15
Let k(m) = m**2 - 16*m + 35. What is the remainder when 99 is divided by k(15)?
19
Let o = -45 - -70. What is the remainder when o is divided by 7?
4
Suppose -c + 6*c + 3*v = 68, -54 = -4*c - 2*v. Calculate the remainder when 32 is divided by c.
6
Let k = 9 + -4. Suppose 0 = 3*g + 2*g. Let c(x) = x**3 + x + 2. Calculate the remainder when k is divided by c(g).
1
Let o(k) = k**3 + 24*k**2 + 20*k + 7. What is the remainder when o(-23) is divided by 20?
16
Let s = -1 + 1. Suppose u + 0*u - 3 = s. Let f(r) = r**3 + 10*r**2 + 6*r - 19. Calculate the remainder when f(-9) is divided by u.
2
Suppose 2*w + 10 = 5*j - 146, -5*j + 141 = 3*w. Let l = 20 - 12. What is the remainder when j is divided by l?
6
Let o(z) = 2*z - 16. Suppose -g + 1 = -3. Suppose 2*f + f + 5 = 5*p, 5*p + g*f = 40. Calculate the remainder when o(13) is divided by p.
2
Suppose 3*y - 17 = -o, 3*o + y = -0*o + 59. Suppose -5*m = 0, 4*m - 7 = a - 27. Let f = -9 + a. What is the remainder when o is divided by f?
9
Suppose z + 25 = -4*z. Let b(k) = -6*k + 4 - 2*k**2 + 0*k**2 + k**2 + 0*k. Calculate the remainder when 17 is divided by b(z).
8
Suppose 0 = -2*q - s + 44, 5*s = -5*q + 92 + 28. What is the remainder when 37 is divided by q?
17
Suppose 0 = -0*l - 5*l + 10. Suppose g - 6 - 16 = 4*z, 5*g - 4*z = 46. Calculate the remainder when ((-11)/l)/((-1)/2) is divided by g.
5
Suppose 5*v - 75 = s, 0 = -3*v + 8*v + s - 75. Let r = -32 + 59. What is the remainder when r is divided by v?
12
Suppose -k = q - 8, -4*k + 14 = 4*q - 6*k. Suppose -q*b = -298 + 73. Suppose -3*j = 2*j - b. Calculate the remainder when 25 is divided by j.
7
Let j(y) = y**2 - 5*y - 9. What is the remainder when j(8) is divided by 4?
3
Let z be 44/10 - (-4)/(-10). Suppose -4*b = z*o - 44, 3*o = -b + 5*o - 1. Calculate the remainder when 12 is divided by b.
5
Suppose -2*j + 112 = 3*c, 2*j + c = 3*j - 46. Suppose y - 5*y + 5 = x, -3*x + y - 24 = 0. Calculate the remainder when j is divided by (-134)/(-8) - x/28.
16
Suppose 2*a + 7 = -1, 4*a = -s + 9. What is the remainder when 98 is divided by s